0 + -153469?
-153469
In base 6, what is -2 + -244144?
-244150
In base 7, what is 13121666 + 3?
13122002
In base 6, what is -21125 - 34?
-21203
In base 5, what is -4 + 441344?
441340
In base 10, what is 7 + 149359?
149366
In base 10, what is 3912 + 12?
3924
In base 6, what is 14311 - 2252?
12015
In base 4, what is -12233 + -122131?
-201030
In base 14, what is 10415 - -11?
10426
In base 4, what is 0 + 2101102?
2101102
In base 13, what is -329 - c?
-338
In base 14, what is -4 + 11cd7?
11cd3
In base 3, what is -11 + 100022002?
100021221
In base 8, what is 3 - -224161?
224164
In base 14, what is -2 + -5ac3?
-5ac5
In base 6, what is -11 - -102151?
102140
In base 2, what is -1001 + -10110100011101?
-10110100100110
In base 2, what is -11 - 100011011100100011101?
-100011011100100100000
In base 12, what is -1 - 57886?
-57887
In base 5, what is 1012 - -3311?
4323
In base 2, what is -1010 - -10001000011001?
10001000001111
In base 6, what is -414 + 220?
-154
In base 11, what is 54 - 1919?
-1875
In base 8, what is -1461274 - -2?
-1461272
In base 11, what is -5 + 7473?
7469
In base 4, what is -3130 + 111132?
102002
In base 12, what is -91994 - 3?
-91997
In base 3, what is 12000212102 + -2?
12000212100
In base 3, what is 2202022000200 - -11?
2202022000211
In base 13, what is 4 - -25877?
2587b
In base 4, what is 1 + -2112320?
-2112313
In base 8, what is 21 - 4361?
-4340
In base 9, what is -1 - -315016?
315015
In base 4, what is 133102222 + -12?
133102210
In base 13, what is 47c7 + -12?
47b5
In base 9, what is -114 - 1461?
-1575
In base 2, what is -1110111110111111101110 - 101?
-1110111110111111110011
In base 9, what is -12 - -113617?
113605
In base 10, what is -2063 - 161?
-2224
In base 7, what is -632 + 10?
-622
In base 4, what is 1 + 2013310330?
2013310331
In base 11, what is 22 + 4469?
4490
In base 9, what is -525 - 33?
-558
In base 4, what is 20 - -102320033?
102320113
In base 16, what is 2 - -7ca1a?
7ca1c
In base 8, what is -52 - 640?
-712
In base 4, what is 0 - -2213222021?
2213222021
In base 6, what is 4212 - 10035?
-1423
In base 6, what is -10424030 + -2?
-10424032
In base 11, what is -55501 - 7?
-55508
In base 6, what is 22410 + -2340?
20030
In base 14, what is 464 - -5?
469
In base 6, what is 14453 + 13?
14510
In base 15, what is 0 + 5369?
5369
In base 3, what is -10 - -1220000112?
1220000102
In base 4, what is 0 + -1122110303?
-1122110303
In base 13, what is 63 - -125?
188
In base 11, what is -1025 + 86?
-a4a
In base 4, what is 1031 - -1213131?
1220222
In base 3, what is 20001 + -12020?
211
In base 6, what is -21 - -1220443?
1220422
In base 7, what is 2043255 - 3?
2043252
In base 3, what is -122 + 1211?
1012
In base 2, what is -110100010011 - 10?
-110100010101
In base 11, what is -113 + -76?
-189
In base 15, what is -60 + -3bc?
-42c
In base 9, what is -38738 + -146?
-38885
In base 10, what is 7649 - -5?
7654
In base 2, what is 101001001 - 1101010000100?
-1100100111011
In base 15, what is -38e + 2a?
-364
In base 12, what is 3 - -589?
590
In base 12, what is -380 - -343a?
307a
In base 13, what is 4 + 13609b?
1360a2
In base 5, what is -120 - -3242240?
3242120
In base 15, what is 72d + -4dc?
241
In base 2, what is -11 + -10101100010000101?
-10101100010001000
In base 9, what is 2634560 + 5?
2634565
In base 3, what is 2002022 - -10011?
2012110
In base 8, what is -4 - -106471?
106465
In base 5, what is 1 - 2204040?
-2204034
In base 2, what is 11 - 10101110111011110?
-10101110111011011
In base 14, what is -4 - -2089?
2085
In base 2, what is -1100001110 + 11011010?
-1000110100
In base 10, what is -23076 - -40?
-23036
In base 3, what is 10112122 - 101?
10112021
In base 4, what is -21100223 + -3?
-21100232
In base 2, what is 100001110000000 - -1011011?
100001111011011
In base 8, what is -560607 + 1?
-560606
In base 16, what is 1e29 - 2?
1e27
In base 13, what is -41b186 + 4?
-41b182
In base 10, what is -265 - -3291?
3026
In base 2, what is 111010001100101 - 0?
111010001100101
In base 14, what is 18 - -3c40?
3c58
In base 5, what is 20243 - -421?
21214
In base 13, what is -22 + -1c7a1?
-1c7c3
In base 12, what is -2 - 15a6?
-15a8
In base 13, what is -6751b - -9?
-67512
In base 11, what is 670 + 78?
738
In base 16, what is a6 - 38a?
-2e4
In base 7, what is -25056 - 5?
-25064
In base 9, what is 203 - -3786?
4100
In base 5, what is -41320 - -3?
-41312
In base 2, what is -1101 + 10000101100110101?
10000101100101000
In base 10, what is 5 - -22212?
22217
In base 14, what is -15893 - -6?
-1588b
In base 10, what is -803 + -383?
-1186
In base 2, what is -11 + 101011100010101001?
101011100010100110
In base 12, what is 44b400 + -4?
44b3b8
In base 6, what is -10 + 3105410?
3105400
In base 7, what is -2521031 + 5?
-2521023
In base 2, what is -10 - -1000000010111011100?
1000000010111011010
In base 13, what is -1998 + b7?
-18b1
In base 12, what is 159aa + -8?
159a2
In base 7, what is -2 + 122565?
122563
In base 15, what is -4 + a0a6?
a0a2
In base 14, what is 36a4 + -d?
3695
In base 12, what is -4a456 + -4?
-4a45a
In base 6, what is -5 + 2412032?
2412023
In base 8, what is 20762 + 47?
21031
In base 10, what is -2512 - -381?
-2131
In base 15, what is -74 - 24b0?
-2534
In base 3, what is -111011202 + -11?
-111011220
In base 14, what is -2 + 1855b?
18559
In base 4, what is -1031 + 3032?
2001
In base 12, what is ba + -27?
93
In base 14, what is -123 + a2?
-61
In base 7, what is 140 - -103?
243
In base 3, what is -111 + -212122110?
-212122221
In base 15, what is 21c + -20?
1ec
In base 7, what is -420301 - 0?
-420301
In base 11, what is 1639 + -a2?
1547
In base 3, what is 10 - 1202012101022?
-1202012101012
In base 12, what is 4 - 9662?
-965a
In base 3, what is -12112110 + 1110?
-12111000
In base 3, what is 11222121021 - -10?
11222121101
In base 7, what is 22 + 361200?
361222
In base 15, what is ee65 - 8?
ee5c
In base 8, what is 2 - -57?
61
In base 10, what is 190417 + 0?
190417
In base 15, what is 2e1b - 1?
2e1a
In base 10, what is -83 - -1601?
1518
In base 11, what is 5 - 35997?
-35992
In base 13, what is -a - -4b3c?
4b32
In base 10, what is 17477 + 3?
17480
In base 11, what is -66 - 656?
-711
In base 11, what is -13 - a67?
-a7a
In base 15, what is -1 + a5d7?
a5d6
In base 3, what is 102021201011202 + -11?
102021201011121
In base 3, what is 2220 - 100112211?
-100102221
In base 2, what is 1001 - 101000110110?
-101000101101
In base 16, what is -21 + 48d?
46c
In base 9, what is -163 + -2202?
-2365
In base 3, what is -111122211202 - 2?
-111122211211
In base 4, what is -2 + -10101210?
-10101212
In base 8, what is 274760 - -12?
274772
In base 8, what is -106346 - -6?
-106340
In base 15, what is 141da - c?
141cd
In base 5, what is -13124212 + -4?
-13124221
In base 11, what is a83 - 4?
a7a
In base 9, what is -1 - 16180?
-16181
In base 12, what is 40a3 - 19?
4086
In base 10, what is 3 + -45275?
-45272
In base 11, what is 8802 + -9?
87a4
In base 15, what is 5 - -826a?
8270
In base 10, what is -9 - -8819?
8810
In base 13, what is -5 - -8686b?
86866
In base 16, what is -897df + -9?
-897e8
In base 12, what is 2 - 461a?
-4618
In base 15, what is -5 + -2d69?
-2d6e
In base 15, what is 150c + -9c?
1460
In base 9, what is 0 + -108306?
-108306
In base 10, what is -2 + 455205?
455203
In base 13, what is -15ac - -61?
-154b
In base 12, what is -37 - 5b25?
-5b60
In base 11, what is -38036 - -1?
-38035
In base 15, what is -1855 - 2?
-1857
In base 13, what is 4 - 53253?
-5324c
In base 5, what is -3002301 - -4?
-3002242
In base 9, what is 2 - 58802?
-58800
In base 14, what is 3 - -aa7c9?
aa7cc
In base 10, what is -55406 - 5?
-55411
In base 6, what is -325041 + 300?
-324341
In base 2, what is -1000111000111 - 0?
-1000111000111
In base 16, what is -2 + -19f33?
-19f35
In base 3, what is -2121101 - -1021001?
-1100100
In base 4, what is -2122 - -333001?
330213
In base 10, what is 4 - 27138?
-27134
In base 4, what is 2 - -3212203?
3212211
In base 10, what is -2894830 - 5?
-2894835
In base 15, what is -3899d + -c?
-389aa
In base 2, what is 111001000111010 + -101?
111001000110101
In base 8, what is 3 - -33543?
33546
In base 5, what is 2212 + -14132?
-11420
In base 5, what is -1313 + -34444?
-41312
In base 3, what is -1002 + 1122122002?
1122121000
In base 11, what is -2 - 345a?
-3461
In base 15, what is -3 - -170c3